15*k - 20*k + 5, k - 10 = 2*a. Let f(r) = -2*r**2 + 8. What is f(k)?
8
Let t(r) be the second derivative of -8*r + 0 - 1/2*r**2 + 2/3*r**3. What is t(-2)?
-9
Suppose 4 = 4*w - 2*j, -4 = -2*w - 2*w + j. Let t(d) = 2*d - 1. Let q(i) = -14*i + 13. Let z(y) = w*q(y) + 6*t(y). Calculate z(-6).
19
Let w be (-1477)/77 - (-8)/44. Let c = -15 - w. Let l(v) = v - 1 - 4 - 2*v. Calculate l(c).
-9
Let y be 1/(-1 + 0) - 3. Let f(b) = -b - 3. Let v be f(y). Let t be v + -2 + (2 - 1). Let n(h) = h + 6. Give n(t).
6
Let r(y) be the third derivative of y**6/360 + y**5/15 - 5*y**4/24 - 2*y**3 + 9*y**2. Let b(a) be the first derivative of r(a). Calculate b(-9).
4
Let y(w) = -2*w + 24. Let u = -453 - -465. Calculate y(u).
0
Let i(b) = 15*b**3 - 3*b**2 + 15*b + 4. Let g(o) = -7*o**3 + o**2 - 7*o - 2. Suppose -d + 13 = 19. Let x(f) = d*i(f) - 13*g(f). Give x(-5).
-3
Let o(d) be the third derivative of 6*d**2 + 0*d - 1/6*d**3 + 1/10*d**5 + 0*d**4 + 0. Give o(1).
5
Let s = -119 + 121. Let y(x) = -7*x - 1. Let b(q) = -3*q - 1. Let u(g) = s*y(g) - 5*b(g). What is u(5)?
8
Let d be (1 - 2) + 4 + 0. Let u(x) = 5 + 5*x - 5*x**2 - 2*x + 12*x**2 + x**d + 2*x. What is u(-6)?
11
Let a(b) = -5*b**3 - 6*b**2 + 23*b - 9. Let c(t) = -4*t**3 - 6*t**2 + 19*t - 8. Let z(n) = 5*a(n) - 6*c(n). Suppose 3*w = 6 + 12. What is z(w)?
9
Let n(x) = -8*x + 0 - 7*x - 1. Let p be -12 + 8 - 1 - 16/(-4). Calculate n(p).
14
Suppose -5*k + 2*a - 6*a = 47, -k + 8 = -5*a. Let r(d) = d**2 + 10*d + 6. Determine r(k).
-15
Suppose 24*k - 60 = 18*k. Let h(i) = -i**2 + 10*i + 8. Determine h(k).
8
Let g = -4 - -9. Suppose -5*k - 5 = g*o, 0 = 5*o - 5*k + k + 23. Let c(l) be the third derivative of l**4/6 + l**3/6 - 4*l**2. Calculate c(o).
-11
Let y(p) = 2*p + 2*p**2 + 2 + 5*p + 4 - p. Let x = -19 + 7. Let s be -1 + x/(-4) + -6. Determine y(s).
14
Let a(b) = -5*b + 0 + 1 + 1. Let m = -45 - -44. Let l(r) = -1. Let g(w) = m*a(w) + 2*l(w). Give g(3).
11
Let n(i) = -i**2 + i - 1. Let q(c) = -6*c**2 + 11*c - 4. Let g(m) = -3*n(m) + q(m). Let j(k) = 7*k**2 - 17*k + 1. Let x(a) = 5*g(a) + 2*j(a). Give x(4).
5
Let f(o) be the second derivative of 0 - 1/2*o**3 - 1/2*o**2 - 1/12*o**4 + 25*o. What is f(-5)?
-11
Let v(g) be the third derivative of 0 + 0*g + 4/3*g**3 - 15*g**2 - 1/24*g**4. Suppose -3*f = f. Calculate v(f).
8
Let m(b) = -b**3 + 6*b**2 - 5*b - 8. Let i = -1005 - -1010. Determine m(i).
-8
Let g(t) be the first derivative of 11*t**2/2 - t + 1. Suppose -5*k - 19 = 4*d, 2*d - 9*k + 5*k - 10 = 0. Determine g(d).
-12
Let h(t) = -7*t**2 - 3*t - 9. Let i(y) = -2. Let o(s) = -h(s) + 2*i(s). Give o(-2).
27
Suppose 0 = -39*a + 41*a - 18. Let j(k) = -k**2 + 10*k + 2. Determine j(a).
11
Let p = 2489 - 2484. Let x(b) = -5*b**3 - 4*b**2 - 18*b + 10. Let f(i) = 2*i**3 + i**2 + 6*i - 3. Let d(j) = -8*f(j) - 3*x(j). Give d(p).
-1
Let d(g) = -13*g**2 + 36*g**2 - 20 + 17*g - 7*g**2 - 17*g**2. Determine d(16).
-4
Let t = 17 + -11. Let b be 3/t + (-106)/4. Let y = b + 29. Let n(w) = w - 1. What is n(y)?
2
Suppose 34 = 3*d - d. Let y(s) = -37 + 16 + d + s. What is y(12)?
8
Suppose -3*l - 3 = -30. Suppose -8*t + 1 = l. Let x(b) = -14*b**3. What is x(t)?
14
Let q(p) = -7*p**2 - 2*p - 15. Let f(x) = 20*x**2 + 6*x + 43. Let l(u) = 6*f(u) + 17*q(u). Suppose 2*s + 2*o = 4, -5*s - 2*o = -0 + 2. Give l(s).
3
Let j(h) = h**2 - 6*h + 6. Let f be j(8). Let m = 29 - f. Let d(q) = -q**2 + 6*q - 2. Determine d(m).
-9
Let r(z) be the first derivative of 2*z**3/3 + z - 96. Let f be 1/((-2)/28*-2). Suppose 0 = -3*j + f*j - 4. Calculate r(j).
3
Let m(c) = -2*c + 6. Let z be m(6). Let d = -4 - z. Let u(s) = -6*s + 4 + 1 + s**d - 4. What is u(3)?
-8
Let h(y) = -2*y**3 + y**2 + 4*y - 1. Let c = 1767 + -1764. Calculate h(c).
-34
Let q = 1315 + -1313. Let f(l) be the first derivative of -3*l**2 + 6*l + 2. Let a(g) = -g + 1. Let x(y) = 21*a(y) - 3*f(y). What is x(q)?
-3
Let w(x) = x**3 + x**2 - 18. Let z = 162 - 162. Calculate w(z).
-18
Let a(p) = 8 + 0*p**2 - 2*p - 9 - 6*p**2. Suppose 0*l = -2*l. Let n = l + -1. Calculate a(n).
-5
Suppose k - 12 + 6 = 0. Let c be ((-10)/k)/(4/60). Let p = c + 28. Let x(q) = q**3 - 5*q**2 + 3*q + 3. What is x(p)?
-6
Suppose 0 = -m - 5*p - 5, -4*m + 2*p - 25 = m. Let w(a) = 2*a**2 + 2*a - 6. Let c(g) = g**2 + 2*g - 3. Let d(x) = -3*c(x) + w(x). Give d(m).
-2
Let z(h) be the first derivative of h**3/3 - 5*h**2/2 + 6*h + 297. Determine z(5).
6
Suppose b - 10 = -6. Suppose 0 = -2*z - 3*z - b*x - 46, -3*z - 26 = 2*x. Let i(a) = -a**2 - 7*a - 6. Determine i(z).
0
Let p(f) be the third derivative of -f**6/60 - f**5/30 - f**4/8 - f**3/3 - 128*f**2. Suppose 2*d = -2 - 2. What is p(d)?
12
Let z(y) be the third derivative of -5/24*y**4 + 1/10*y**5 - 1/6*y**3 + 43*y**2 + 0 + 1/120*y**6 + 0*y. What is z(-6)?
29
Let p(g) = -g**2. Let m(t) = 2*t**3 + 5*t**2 - 4*t. Suppose v = -4*s - s - 23, -s = 4*v - 3. Let l(o) = v*p(o) + m(o). Give l(-3).
-15
Suppose -x + 9*a - 14*a = 2, 0 = x + 4*a - 1. Let z(c) = -c**2 + 12*c + 13. What is z(x)?
0
Let l(h) be the first derivative of h**3 + 2*h**2 + 6*h + 9. Give l(-4).
38
Let s = -87 - -93. Let c be (-5 + 27/s)*2. Let b(a) = 16*a**2 - 2*a - 1. What is b(c)?
17
Let l(u) = 5*u**3 - 3*u**2 - 4*u + 4. Suppose 2*n - 3*n = 6. Let a(k) = k**3 - k**2 - k + 1. Let w(v) = n*a(v) + l(v). Let t = 4 + -1. Give w(t).
4
Let x(s) be the second derivative of -3*s**5/20 - s**3/3 - s**2/2 + 57*s. Calculate x(-1).
4
Suppose 0*t = 5*t + 3*l - 11, -3*l = 2*t - 8. Let b(x) = 10*x + 1. Calculate b(t).
11
Let j = -166 - -162. Let k(y) = 5*y - 1. Calculate k(j).
-21
Let d(i) be the first derivative of i**2/2 + 10*i - 8. Let k be 64/10 - (-4)/(-10). Suppose 0 = -q + 1 - k. What is d(q)?
5
Let s(l) = -2*l. Let j(n) = -11*n + 4. Let c(x) = j(x) - 5*s(x). Calculate c(3).
1
Suppose 2*g = s - 14, 6 + 12 = -2*g + 2*s. Suppose 0 = 2*c - 3*y - 19, 3*c + 9 = y - 4*y. Let j(l) = 9*l - 1 - 5*l - 4*l - c*l. What is j(g)?
9
Suppose 462 = -22*t + 814. Let o(p) = 2*p - 30. Give o(t).
2
Let a be 0/1 - (3 - -2). Let g be a/(-2)*80/(-50). Let y(r) = r**2 + 2 + 3 + 5*r + 0*r**2. Calculate y(g).
1
Let j be (-110)/(-6) + 1/(-3). Suppose t - 2*t = -5*q + j, -3*q + 12 = 0. Let r(y) = -y**2 - y + y**t - 3 + 0*y**2 + y**2. What is r(4)?
9
Let r(l) = -l - 3. Let p be r(-8). Let k be p + (0 - (-3)/(-1)). Let j(v) = 0 - v**k - 8*v - 2 + 0 + 1. Calculate j(-7).
6
Suppose 16*s = 12*s + 88. Let m = s + -27. Let p(i) = -i**3 - 6*i**2 - 6*i - 1. Determine p(m).
4
Let c(p) = -p**2 - 8*p + 6. Suppose 6*k - 10 = 3*d - 70, -3*k - 19 = 4*d. Give c(k).
-3
Let k(v) be the first derivative of v**2 + 17*v - 231. Determine k(-10).
-3
Let u = 2 - 1. Suppose u = 3*v - 2. Let f(a) = -a. Let t(k) = 3*k + 1. Let y(o) = 4*f(o) + t(o). What is y(v)?
0
Let z be (-1 - -3)/(18*19/342). Let j(d) be the third derivative of 0*d + 0 - 2*d**z + 1/60*d**5 + d**3 - 7/24*d**4. Give j(5).
-4
Let g = -27 - -27. Let f be (g + 4)*(-5)/(-4). Let b(w) = w**3 - 5*w**2 + f + 0*w**3 - 4 + 4*w. What is b(4)?
1
Let f(q) be the third derivative of q**5/60 + 5*q**4/24 - 2*q**3/3 + 2*q**2 - 34. Let r(n) = -3*n**3 - 2*n**2 + n. Let d be r(1). Determine f(d).
-8
Let x(g) = -5*g - 40. Let v be x(-8). Let d(h) = 4 - 4*h - 25*h**2 + 19*h**2 + v - 5*h + h**3. Give d(7).
-10
Let s(f) = f**3 + 6*f**2 - 7*f - 2. Suppose 9 + 6 = -3*v, 5*z - 25 = 2*v. Suppose -5*l = -z*l + 14. Determine s(l).
-2
Let s = -11 + 7. Let n be ((-13)/s + -2)*4. Let q(h) be the third derivative of h**5/60 - h**4/6 - h**3 + h**2 - 61*h. What is q(n)?
-1
Let h(y) = 2*y + 17. Let k(f) = f - 6. Let n(z) = -h(z) - 3*k(z). Give n(1).
-4
Let a(l) = 0 + 5*l**2 - 5 - l**3 + 4. Let d be (122/(-9))/(-2) - (-4)/18. Suppose -8*v = d - 23. Determine a(v).
11
Suppose 5*o + 12 = 2*o. Let k(g) = -2*g**3 - 9*g**2 - 2*g + 4. Let l be k(o). Let j(y) = y. Determine j(l).
-4
Let o(m) = 5*m**3 + 4*m**2 - 26*m + 15. Let y(l) = 3*l**3 + 2*l**2 - 15*l + 8. Let z(r) = -4*o(r) + 7*y(r). Calculate z(3).
2
Suppose 58*c - 329 = 11*c. Let h(r) = r**3 - 7*r**2 - r + 2. Calculate h(c).
-5
Let q(p) = 182 - 359 + 177 - 3*p - p**2. Determine q(-4).
-4
Let g be 2 - (3 - (5 + -2)). Suppose 4*c - 2*w = 3*w - 7, 3*c = -g*w - 11. Let v(b) be the second derivative of 2*b**3/3 - b**2/2 + 19*b. Calculate v(c).
-13
Let m(r) = 5*r. Let f(t) = -t. Let z(b) = 3*f(b) + m(b). L